Is 16623204337 a composite number?
False
Is 254595181 a composite number?
False
Is 19383903157 a composite number?
False
Is 49176443 composite?
False
Is 2345546501 a composite number?
False
Is 1334023307 a composite number?
True
Is 2078269555 a prime number?
False
Is 988041653 prime?
True
Is 1831878803 composite?
True
Is 620835661 prime?
True
Is 1142451767 composite?
False
Is 11834268527 a prime number?
True
Is 233883121 composite?
False
Is 8135986819 a composite number?
True
Is 1397235191 composite?
True
Is 67144525351 a composite number?
False
Is 1268069773 a composite number?
False
Is 560902883 a composite number?
False
Is 183735889 composite?
False
Is 471699409 prime?
True
Is 223579487 prime?
False
Is 231262331 a composite number?
False
Is 260790221 a prime number?
True
Is 48663034409 a composite number?
True
Is 19644382393 composite?
False
Is 2100471173 a prime number?
False
Is 18837581849 a prime number?
True
Is 819802343 composite?
False
Is 6971380489 a composite number?
True
Is 9708102869 a prime number?
False
Is 321441347 a composite number?
False
Is 193918819541 a prime number?
True
Is 70861201339 composite?
True
Is 25470785297 prime?
True
Is 10423439605 a composite number?
True
Is 2237066803 prime?
True
Is 14688130069 a composite number?
False
Is 8343570031 a prime number?
False
Is 293493869621 a composite number?
True
Is 44675588527 a prime number?
False
Is 300613127 prime?
True
Is 16364940203 composite?
True
Is 27747843881 a prime number?
True
Is 103988708867 a prime number?
True
Is 34693288579 a composite number?
False
Is 49146745523 a composite number?
True
Is 27449150141 a composite number?
True
Is 7485254437 prime?
True
Is 7028653 composite?
True
Is 2148644711 composite?
False
Is 2427499657 composite?
True
Is 1069523317 a prime number?
True
Is 101361929 a composite number?
True
Is 21465485137 composite?
True
Is 122916199 prime?
False
Is 93911789 a composite number?
True
Is 9296562053 prime?
True
Is 5021568151 a prime number?
False
Is 28271701177 prime?
False
Is 878452649 prime?
True
Is 127245803851 prime?
True
Is 585537671 prime?
False
Is 6029574157 a prime number?
True
Is 786413491 a prime number?
True
Is 6411557069 a prime number?
True
Is 80514708613 a prime number?
True
Is 140059607 a composite number?
False
Is 7846032827 a composite number?
True
Is 19337282891 a prime number?
True
Is 18592122329 composite?
True
Is 201878791343 prime?
False
Is 148653314801 prime?
True
Is 1711095427 a prime number?
False
Is 395257951 a prime number?
False
Is 37536993941 a composite number?
False
Is 90663600217 a composite number?
True
Is 11829574381 composite?
False
Is 9133820659 a prime number?
True
Is 2270870677 prime?
False
Is 2195410411 a composite number?
False
Is 10107391631 a composite number?
False
Is 965547169 a prime number?
False
Is 198216743 a composite number?
False
Is 23857980011 a prime number?
False
Is 1417061467 a composite number?
False
Is 119345771 composite?
True
Is 3926320001 a composite number?
False
Is 212022673 a composite number?
True
Is 668117867 prime?
False
Is 1124648351 a prime number?
True
Is 43506629 composite?
False
Is 10183716913 a prime number?
False
Is 61799583653 a prime number?
False
Is 598485707 composite?
False
Is 2460154663 a composite number?
True
Is 7067057479 composite?
False
Is 550869523 a prime number?
True
Is 145040289859 composite?
True
Is 75685999 prime?
True
Is 249291067 composite?
True
Is 490937331 a composite number?
True
Is 1708476239 a composite number?
False
Is 330679049 a prime number?
True
Is 12038247827 a prime number?
True
Is 3991312939 a composite number?
False
Is 4343451577 composite?
True
Is 30929294939 a prime number?
True
Is 405187931 a composite number?
False
Is 5737463159 composite?
False
Is 232512701 a prime number?
False
Is 1324847351 a prime number?
True
Is 54331281259 prime?
False
Is 26518355417 a composite number?
False
Is 14106831847 a composite number?
True
Is 16224320269 prime?
True
Is 7174501034 composite?
True
Is 98704637557 a composite number?
True
Is 27080660263 composite?
True
Is 3255994217 composite?
True
Is 554118847 prime?
True
Is 862345487 a composite number?
False
Is 60740423 a composite number?
False
Is 45565621 composite?
False
Is 74831354047 a composite number?
True
Is 9802517983 a composite number?
False
Is 4580059699 a composite number?
False
Is 2278090979 a prime number?
True
Is 1949764213 prime?
False
Is 27067565201 a composite number?
False
Is 18656086289 a prime number?
False
Is 9592422065 composite?
True
Is 1984269113 a composite number?
False
Is 50990687 a composite number?
True
Is 75773444237 prime?
False
Is 55513691 prime?
False
Is 448382383 prime?
True
Is 43132181 a prime number?
False
Is 4617148343 composite?
False
Is 72048374719 a composite number?
False
Is 5828048281 composite?
True
Is 1238491889 a prime number?
False
Is 5076888241 prime?
False
Is 1166418793 prime?
True
Is 6134955503 composite?
True
Is 11599883 a composite number?
True
Is 7452120979 composite?
False
Is 150953687327 a composite number?
True
Is 749079869 prime?
True
Is 41171921485 prime?
False
Is 17587796893 prime?
True
Is 1655316427 a composite number?
True
Is 7980118933 a composite number?
True
Is 301193363 prime?
False
Is 9466279 a composite number?
True
Is 782971327 composite?
False
Is 3322763359 a prime number?
True
Is 504499661 prime?
True
Is 19287003677 prime?
True
Is 11342696557 composite?
True
Is 3253678795 a prime number?
False
Is 1610683043 prime?
True
Is 738322763 a composite number?
True
Is 1609221827 composite?
True
Is 386892097 composite?
False
Is 1460927051 composite?
False
Is 719138501 composite?
True
Is 72718759823 a composite number?
True
Is 191689657429 a prime number?
True
Is 48005495957 a prime number?
False
Is 21537961031 composite?
True
Is 22893639817 a composite number?
False
Is 1293055381 a prime number?
True
Is 526574891 a prime number?
True
Is 1399935517 a composite number?
True
Is 33724691479 a composite number?
False
Is 10374947417 prime?
True
Is 951484433 prime?
True
Is 523512751 a prime number?
True
Is 534028163 a composite number?
False
Is 15385158713 prime?
True
Is 20338215623 a composite number?
True
Is 3046503373 prime?
False
Is 83938517711 a composite number?
False
Is 520869227 a prime number?
True
Is 25505412539 a composite number?
False
Is 164210491 prime?
False
Is 30494352619 a composite number?
False
Is 733694989 prime?
True
Is 4025523401 prime?
False
Is 280056573013 prime?
False
Is 4529284393 a prime number?
True
Is 1375430929 composite?
True
Is 786862121 a prime number?
True
Is 15110074703 a composite number?
False
Is 51706763 a prime number?
True
Is 27245209151 a prime number?
False
Is 141426143017 a composite number?
False
Is 1005664963 prime?
True
Is 113598533 a composite number?
False
Is 85591423 a prime number?
False
Is 17460872857 a composite number?
False
Is 4792673299 composite?
True
Is 71318959 a composite number?
True
Is 340273738859 a composite number?
False
Is 18014426239 prime?
False
Is 15454627 composite?
True
Is 2645931451 a composite number?
False
Is 10815366647 composite?
True
Is 20877916069 prime?
True
Is 11656261 a prime number?
True
Is 1207369235 a composite number?
True
Is 260344229 composite?
False
Is 67712221 composite?
True
Is 42804172571 a prime number?
True
Is 2810718247 prime?
True
Is 211793669 composite?
True
Is 487157843 composite?
True
Is 2781750863 composite?
True
Is 7762636927 prime?
True
Is 531955187 a prime number?
True
Is 4231563671 a composite number?
True
Is 21989294059 prime?
False
Is 48383788715 composite?
True
Is 8950636677 prime?
False
Is 1643926831 prime?
True
Is 6013218037 composite?
False
Is 14002432459 composite?
False
Is 129653653 a composite number?
False
Is 499514863 a prime number?
False
Is 35430712841 a prime number?
True
Is 20666827837 composite?
True
Is 62815404947 composite?
True
Is 12981541217 prime?
True
Is 11448264809 a prime number?
True
Is 8000746211 a prime number?
False
Is 47869435673 a composite number?
True
Is 11628369437 a composite number?
False
Is 199480469 prime?
True
Is 15535689497 prime?
False
Is 253973441 composite?
False
Is 4052901991 a composite number?
False
Is 10593701 a composite number?
False
Is 945803123 a composite number?
True
Is 641312405 composite?
True